-10 - 19).
28
What is the value of -28 + (-19 - -10) + 20?
-17
What is the value of 23 - (71 + -31 - 10)?
-7
Evaluate 1 + -2 - 2 - ((-13 - -24) + -5).
-9
What is the value of -2278 + 2253 + (-13 - 0)?
-38
What is -1 + 1 - -4 - (-25 + 19)?
10
Calculate -14 - (6 + (-40 - -32)).
-12
Evaluate 5 - (1 - 2 - (11 - (-1 - -9))).
9
What is the value of -10 + (8 - 3) - (-14 + 8)?
1
What is the value of 1 + -8 - (-9 - (18 - (35 + 10)))?
-25
4 + -1 - (10 - ((-7 - -16) + -11))
-9
40 - ((7 - -24) + (-3 - 12))
24
2 + 1 + (-1 + -6 - (8 + -1))
-11
Calculate (-2 - 0) + 17 + (-16 - (0 - 0)).
-1
Evaluate -33 + -8 - -38 - (-18 + 0).
15
What is 5 + 1 + 13 + (13 + -20 - 33)?
-21
(-3 - -4) + 5 - -11 - 5
12
Calculate -7 - -21 - (44 - 37).
7
Evaluate -15 + 6 - -9 - -12 - 9.
3
Evaluate (-1 - 20) + 4 - -5.
-12
8 + (-5 - (2 + 12))
-11
4 + 12 + -1 - (27 - 18) - -5
11
Calculate -2 - (-8 + -8 + (-4 - -28)).
-10
Evaluate -4 - (-1 - -1 - -2 - (-305 - -313)).
2
-4 - (-20 + 3) - (82 + -72)
3
What is the value of -3 - (-4 - 7) - (-125 + 120)?
13
What is the value of -17 + 37 + -35 + (0 - 10)?
-25
What is (-9 - (2 - (5 + 3 + 1))) + 8?
6
Calculate 3 + 1 + (138 - 136) + 1 + -7.
0
What is -30 - ((-15 - -15) + -56)?
26
(4 - 5) + -7 + 0 + -3
-11
Evaluate (9 + -1 - 2) + -12 - 3.
-9
-145 - -73 - -76 - (1 - 2 - 21)
26
364 + -315 + (0 - (8 + -2)) - 10
33
Calculate 13 + (11 - (2 - -12)).
10
What is the value of -14 + 10 + 9 + (-8 - -11)?
8
Calculate 28 - (-9 + 9) - (-9 + 13 + 4).
20
What is -22 + 18 - -19 - 0?
15
Evaluate -18 + -7 + 10 + -11 + 8.
-18
Calculate -21 + -1 + (2 + 0 - (49 - 44)).
-25
(13 - -4) + -4 + 0 + (-5 - -6)
14
16 + -11 + (-9 - (-7 + -6)) - -7
16
What is the value of (1 - 0) + -7 + (61 - 46) + -15?
-6
Evaluate -5 - (3 + (18 - 7)) - (-3 + -3).
-13
What is the value of -17 + (-26 - -45) - -8?
10
What is 659 - 661 - (0 + 23)?
-25
What is the value of -2 + 4 + (-11 - (0 + -1 + -11))?
3
(17 - (0 + -2)) + (-1771 - -1761)
9
0 - -13 - (0 + 10)
3
-9 + 2 + 5 + (16 - 7)
7
Evaluate -35 + (25 - 16) + 14.
-12
What is (-5 - -4) + -9 + 33 + -10?
13
Evaluate -19 - (-10 + (-25 - -20 - (-9 - 0))).
-13
What is 0 - (-3 + 4 - 4)?
3
6 + 4 - (4 + -18 + 12)
12
What is the value of -1 + 37 - (-222 + 282)?
-24
What is the value of 32 + (-41 - (11 - 47))?
27
(19 + 37 + -41 - (0 + -5)) + -7
13
Calculate -28 - (9 + 9 - 37).
-9
Evaluate -5 - -33 - (39 + -42).
31
Evaluate -1 - 7 - (-6 + -2 + -2 - -5).
-3
Evaluate 1 - 0 - ((9 - -2 - 22) + 26).
-14
410 + -430 + (-1 - -24)
3
Calculate (-5 - (-4 + 3)) + (0 - -1) + 16.
13
Evaluate -12 - (-3 - (0 - 6) - (12 - 4)).
-7
What is -3 + 8 + -16 + (0 - -9)?
-2
Calculate 7 - (13 - 1 - 0).
-5
37 - (-15 + 23 + 37)
-8
(32 - (15 - -3)) + (7 - (-1 + 1))
21
What is -21 + -1 - (22 + -29 - 0)?
-15
Calculate (-1 + 0 - (22 - 8)) + (-20 - -11).
-24
Evaluate (18 - 28) + -1 + 2 - (34 - 25).
-18
Evaluate -2 - (-31 - -37) - -13.
5
What is the value of -12 + (-5 - -8) + 4 - -16?
11
What is the value of (-10 - 0) + (109 - 75) + -7?
17
What is -38 - (-3 - -1 - 2 - -2)?
-36
What is -6 + (11 + -1 - (-4 - (3 - 5)))?
6
What is -24 - (11 + -16) - -17 - 21?
-23
-5 - (-21 + 6 + -10 - -4)
16
What is the value of 6 - 22 - (-17 - (-3 + -14))?
-16
What is the value of 3 + -11 + 9 - -13?
14
Calculate 2 - 4 - ((-16 - (-11 + 3)) + -6).
12
-1 + 5 + 14 + -58 + 48
8
What is the value of (-33 - -22) + -17 + 22 + (-1 - 5)?
-12
What is the value of (4 - 3 - -5) + 5 + -11 - 5?
-5
Evaluate -7 + 2 + 32 + -10 + -10.
7
What is the value of -20 + 25 - (-3 + -4 + 11 + -4)?
5
Evaluate (-1 - -12 - (42 - 47)) + 1 + -5.
12
Calculate -9 + (-1 + -3 - (76 + -73)).
-16
Evaluate 10 - ((8 + -19 - -14) + (0 - -3)).
4
(3 - 6) + 49 + -18 + -23
5
Evaluate 2 + 3 + (4 - 1).
8
Calculate -36 - (-21 - (-18 - -18)).
-15
Calculate -5 + 0 - (9 + -25).
11
What is the value of -1 - (9 + -10 + -8 - 1)?
9
Calculate (-3 + 9 - (6 - 6 - 2)) + 0.
8
Evaluate (-44 - -46) + (-6 - 1) - (-3 - -5).
-7
Evaluate -59 + 50 - (3 + 5 + 4).
-21
Evaluate -10 - (-13 - (1 - -1)).
5
What is -224 - -214 - (11 - 0)?
-21
Calculate -11 + (16 - (8 - 13)).
10
Calculate -1 + (-19 - -35) + -8.
7
Evaluate 13 + -15 + -10 - -9.
-3
-28 - (8 - (23 + 2))
-11
Calculate -7 + (3 - -1) + 19 + 2.
18
Evaluate (5 - (0 - -1 - 2)) + (-2420 - -2394).
-20
Evaluate 18 + (5 + -12 - 12).
-1
Calculate 60 + -13 + -24 + 11.
34
What is (-14 - (-3 - 9)) + -7?
-9
-1 + -14 + 5 + 1
-9
What is (-34 + 17 - -13) + -11?
-15
Evaluate 5 + -3 + 1 + -2.
1
What is 4 - -12 - (-13 - -27)?
2
Calculate 65 + -157 + 110 + -11 + (1 - 0).
8
What is the value of (-4 - 1) + -8 + -27 + (22 - -6)?
-12
Evaluate 13 + -49 + 15 + 14.
-7
-22 + (-37 + 23 - -46)
10
What is -8 - 0 - (266 + -264)?
-10
74 + -80 - (-17 - -2)
9
What is the value of 4 - (-11 - (-13 - (-4 + -1)))?
7
Calculate -8 + 21 - 32 - -23.
4
Evaluate (-10 - -2) + 5 + (-12 - (-7 + 3)).
-11
What is the value of (0 - (-2 + (7 - 12))) + -17?
-10
What is -10 + -26 + 27 - (-3 + 3 - 3)?
-6
0 + 9 - (14 + 5 + -18)
8
(3 - (2 - -7)) + (-34 - -37)
-3
What is (372 - 387) + (2 + 6 + -2 - 2)?
-11
Evaluate 23 + (-2 - 12) + (3 - -1).
13
What is (7 - (48 - 22)) + 5?
-14
What is the value of -4 + -2 - ((2 - 5) + -9 - 4)?
10
Evaluate (-1 - -12 - (-25 + 35)) + (-1 - 1).
-1
1 + (17 - 26 - (9 + -18))
1
What is (-97 - -125) + -16 + 1?
13
Evaluate 1 + 6 - (9 - (-3 + 0 + 5)).
0
What is the value of 4 + 4 + -34 - (-32 + 24)?
-18
Calculate -2 + 7 + (4 - 12) + (0 - -4).
1
-1 + (-2 - -1) - ((37 - 49) + 50)
-40
Calculate -7 + (-37 + 39 - (0 - 1) - 1).
-5
Calculate -5 + 1 - (-678 - -662).
12
-3 + (-3 - (4 - 5)) - (-2 - 11)
8
Calculate 8 - 4 - (-3 + -2) - -2.
11
Evaluate 15 + -6 + (-1 - -7) + (0 - 9).
6
What is 15 + (-13 - 4) + 21?
19
Calculate -9 - (-2 + -13 + (6 - -3) - 21).
18
Calculate 6 + 3 + -9 + -7.
-7
Evaluate -16 + (15 - 7) - (2 - 13).
3
What is (-8 - -45) + -51 - (1 - 12) - -15?
12
-8 + 5 + 6 + 0 + -10 + -1
-8
Calculate (-5 - -10) + 2 + -6 + -4 - -9.
6
Calculate 2 + 31 + -5 - 2.
26
What is the value of -2 - -9 - (-13 - 1 - -13)?
8
-3 + (9 - 0) - (9 - (11 + -8))
0
What is the value of (-4 - (7 - 4)) + 10 - (-11 - -5)?
9
What is 1 - 6 - (23 - (3 + 8))?
-17
What is (17 - 27) + (-1 - -8)?
-3
Calculate (-31 - -27) + (-6 - 11).
-21
Evaluate 2 - (-2 - (7 - 5) - -2).
4
Evaluate 4 - (-5 + (-6 - -13)) - (5 - -2).
-5
Evaluate 5 - (5 - 1 - (4 + 1)).
6
Evaluate -6 + 0 + 12 + (12 - (-10 - -16)).
12
(4 - (5 + 8 + -4)) + -34 + 52
13
(1 - 21) + -5 + 10
-15
What is the value of 13 - ((1 - -6) + -9) - 7?
8
What is (-10 - (-9 + 19)) + -15?
-35
-11 + 12 + 3 - 7
-3
What is 5 - ((1 - 12) + 8 - -5)?
3
(48 - 13) + -25 - (-1 - 3)
14
What is the value of (6 - 1) + (4 - (2 + 4)) + -1?
2
What is the value of -20 + (-5 - (6 - (-8 + 7))) + 8?
-24
Evaluate (-7 - (-2 - 4)) + -5 - (1 - 17).
10
What is the value of -17 + -3 + 47 + -4 + 9 + 1?
33
What is 11 - (7 + 8 + -12)?
8
Evaluate -5 + -3 + 14 + -5 + (-3 - -8).
6
What is 1 + 12 + (-4 - -2) + 2?
13
Evaluate -16 + 1 + (30 - 20).
-5
Calculate 3 + 13 - (9 - 1) - 14.
-6
Evaluate 32 + -9 - (3 + -4 - -14).
10
Evaluate 45 + -26 - 14 - -20.
25
What is -2 + (-7 - (-26 - (-6 - 1))) + 4?
14
What is -1 + -17 - (-37 - -10 - 14)?
23
Evaluate -7 - (2 + -15 + 15 + -6).
-3
Calculate (-2 - -15 - (7 - 6)) + -8 - 43.
-39
What is the value of (-1 - 4) + 6 - (-4 - -8)?
-3
What is the value of 1 + -5 + 18 + (3 - 6) + -8?
3
Calculate -7 - (-2 - -1 - (5 + -9 - -7)).
-3
Calculate 2 - -1 - (-8 + 2 + (-18 - -16)).
11
4 + -2 + -3 + -2 - -7
4
What is the value of (-3 - -17) + -69 + 37 - (7 + 0)?
-25
What is the value of 18 + (11 - 56 - -4)?
-23
What is the value of 36 + 25 + -26 + (5 - 22)?
18
Calculate (-1 - 2) + -36 + (63 - 34).
-10
What is the value of 49 + -44 - (-10 - -2)?
13
Evaluate -8 - (3 + -4 - 10) - (8 - 5).
0
Calculate -1 + 4 + 23 + -32 + 18 + 0.
12
What is 15 + (20 - 31) + -11 + (16 - 1)?
8
What is 1 + (2 - -1 - (39 + -29)) - 0?
-6
What is -5 + -14 + 50 + -21?
10
(-12 - (-6 + -6 + 4)) + 22
18
What is -2 - (6 - 15) - ((3 - -16) + -3)?
-9
Evaluate (8 - -3) + -5 - (20 + -18) - -2.
6
Calculate (-30 + 26 - -17) + -30.
-17
-15 + -4 + (6 - (9 - 12)) + -2
-12
(9 - 0) + (-29 - -9 - (-22 + 8))
3
Calculate 4 - 12 - (-18 - -5) - (1 - 1).
5
What is the value of 26 + -14 + 4 - 14?
2
What is the value of (-40 - -5) + 12 - -3?
-20
31 + -26 + 5 + -19 + -2
-11
Evaluate 1 - (-1 - (3 + -3 + 4 